st the prime factors of (7 - w)/(5 + (-96)/20).
2, 5
Suppose -r = -2*q - 786 + 17773, -2*r = -2*q + 16992. What are the prime factors of q?
7, 1213
Let u(i) be the second derivative of -7/6*i**3 + 0 - 8*i + 1/2*i**4 + 5*i**2. What are the prime factors of u(4)?
2, 3, 13
Let d(b) = -402*b + 4837. List the prime factors of d(-11).
47, 197
Suppose t + w - 35933 = 0, -5*t + 5*w = 1633 - 181378. What are the prime factors of t?
127, 283
Let n(p) = -p**3 + 28*p**2 - 39*p - 13. Let v be n(11). Let q = -931 + v. What are the prime factors of q?
2, 3, 19
Suppose 6*w = 2*w - 20, -5*m + 4920 = -2*w. Suppose -23*x + 25*x - m = 0. List the prime factors of x.
491
Suppose o - 13*o + 48 = 0. Suppose 0*r + 2 = -3*r + 2*q, 10 = -r - o*q. List the prime factors of r/((-12)/718) + 8/24.
2, 3, 5
Suppose 0 = -f - 2*d - 479, -7*f + 5*f - d - 949 = 0. Let q = f + 801. List the prime factors of q.
2, 41
Let s = 16833 + -12073. List the prime factors of s.
2, 5, 7, 17
Let u(s) = 48*s**2 - 147*s - 117. What are the prime factors of u(-12)?
3, 317
Suppose 2*z + 5*f + 32 = 0, 3*z = 4*z + 3*f + 17. Let j(r) = -77*r + 72. List the prime factors of j(z).
919
Let m be 59 + -54 - (-1 + -14792). What are the prime factors of m/(-147)*2*-3?
2, 151
Let p be (51/6)/(3/18). Let g be -2 + 19/4 - p/68. Suppose -g*u + 328 = 86. List the prime factors of u.
11
Suppose 0 = y + 3 - 5. Suppose z + 2*p - 42 = -p, -y*z = 2*p - 84. Let t = 129 + z. What are the prime factors of t?
3, 19
Suppose u - 9060 = n, -2*u - n + 18138 = -0*u. List the prime factors of u.
2, 3, 1511
Let o(y) = y**3 + 7*y**2 - 5*y. Let v = 39 + -34. Let c be o(v). List the prime factors of 2 - 4/((-20)/c).
3, 19
Let s = 88 + -83. Suppose -209 = -s*q + 1416. List the prime factors of q.
5, 13
Let v = 26 + 11. Suppose 8 = -35*c + v*c. Let r(h) = 12*h - 12. What are the prime factors of r(c)?
2, 3
Let g = 4280 + -1552. List the prime factors of g.
2, 11, 31
Let x(z) = -z**3 - 10*z**2 + z + 28. Let r be x(-10). Let v = 86 + r. What are the prime factors of v?
2, 13
Suppose 2*p = 2*d - 36276, 90711 = 5*d + 12*p - 10*p. What are the prime factors of d?
3, 6047
Let r = 8268 + -5466. What are the prime factors of r?
2, 3, 467
What are the prime factors of (-3)/(-7) + (-20)/(-210)*11871?
3, 13, 29
Suppose -3*i - 3*y + 4985 = 2*y, 4*y = -5*i + 8330. Let h be 1 + 2*i + (-2 - -1). What are the prime factors of (h/50)/((-2)/(-5))?
167
Suppose a + 5*r = -20, 3*a - 2 = -r - 6. Suppose 3*o + 5*d = 489 + 302, -2*o - 2*d + 522 = a. List the prime factors of o.
257
Let r be (-3)/((-11)/20 + 6/(-30)). Let t(x) = -18*x**3. Let f be t(-2). Suppose -r*v + 288 = -g, v - g = -v + f. What are the prime factors of v?
2, 3
Let f = -55 + 58. Let u = 63 - 25. Suppose l = f*l - u. List the prime factors of l.
19
Suppose 2*t - 8 = 0, -2*k + 122 - 6 = -3*t. Let b(h) = -7*h + 177. Let l be b(28). Let d = l + k. List the prime factors of d.
3, 5
What are the prime factors of 4/6*3*((-1463605)/(-110) + 23)?
19, 23, 61
Let s be 10/10*97*10. Suppose -17*x + s = -67. What are the prime factors of x?
61
Let u(k) = 650*k + 25. Let w be u(6). Let q = -2744 + w. What are the prime factors of q?
1181
Let f = 28837 - 10225. List the prime factors of f.
2, 3, 11, 47
Suppose -114 = 15*p - 99. What are the prime factors of ((-14)/(-63))/p + (-20956)/(-18)?
2, 3, 97
Let d = -4820 - -12601. What are the prime factors of d?
31, 251
Suppose -2*f = 2*y + 3*f - 70379, -2*y - 2*f = -70388. List the prime factors of y.
61, 577
Let d(q) = q - 7*q + 30 - q - 7*q. Suppose -15 = 4*o + 5. List the prime factors of d(o).
2, 5
Suppose -3*l - 4 = 5. Let w be (-3 + (-17)/l)*(-36)/(-16). Suppose -w*m - 62 = -620. What are the prime factors of m?
3, 31
Suppose 107 = -4*x + 135, -2*x - 133978 = -3*m. List the prime factors of m.
2, 3, 1861
Let q(x) = 4*x - 12. Let g be q(7). Let s(m) = -g + 4*m + 44 + 9*m - 18*m. List the prime factors of s(-6).
2, 29
Let h(r) = 2*r**2 + r + 81. Let i be h(-23). Suppose -18*p + i = -16*p. List the prime factors of p.
2, 3, 31
Let s(x) = 3*x**3 - 17*x**2 - 8*x + 35. Let k be s(6). Suppose 1227 = 2*h - 5*u, -k = -2*u - 29. List the prime factors of h.
2, 3, 101
Let t = -288 - -903. Let l = 1056 - t. What are the prime factors of l?
3, 7
Suppose -g - 5*l + 33 = -3*g, 3*l = 3*g + 27. Let i be 21/4 + 1/g. Suppose -i*v + 10*v - 190 = 0. What are the prime factors of v?
2, 19
Suppose 38*u = 40*u - 4. Suppose -u*y + c = -836, 3*y + 3*c - 271 = 965. Suppose 5*t = t + 5*o + 371, -4*t - 4*o = -y. List the prime factors of t.
3, 11
Let g(l) = -4*l**3 + 6*l**2 - 8*l - 203. List the prime factors of g(-10).
11, 37
Suppose 21*v + 95358 = 2*o + 23*v, 238403 = 5*o + 4*v. What are the prime factors of o?
43, 1109
Suppose 0 = 45*a - 48*a + 3. Let k(j) = 149*j - 14. List the prime factors of k(a).
3, 5
Let t = 27084 + 1913. What are the prime factors of t?
107, 271
Suppose 0 = 9*r - 12*r + 168. What are the prime factors of (8258/r + 6/21)*4?
3, 197
Let v be (60/(-18))/(-5) - 38/(-6). Suppose 3*x - 154 = -v. Suppose 69 = 2*d - x. List the prime factors of d.
59
Let p(b) = 448*b**2 + 20*b - 36. Let w be p(2). Suppose -8*g = -8524 - w. What are the prime factors of g?
2, 3, 5, 43
Let l(u) = 8*u + 46. Suppose 4*z + 7 + 17 = 0. Let s be l(z). List the prime factors of (s - (8 - 0))*(-34)/5.
2, 17
Let q = -4066 - -5020. What are the prime factors of q?
2, 3, 53
What are the prime factors of ((-36252)/(-2385))/((-1)/(-900))?
2, 3, 5, 19
Suppose 211 = -x + 2*n - 61, 4*x - 5*n + 1094 = 0. Let w be (-60)/(-260) + 34760/65. Let a = w + x. What are the prime factors of a?
7, 37
What are the prime factors of (5*(-78)/(-325))/((-12)/(-75700))?
2, 5, 757
Suppose -3*k - 3*h + 3 = 0, -4*k - 17*h + 7 = -14*h. Suppose k*g = -5*m + 7577, -1192 = -m + 2*g + 315. What are the prime factors of m?
17, 89
Let g(c) = -38*c**3 - 24*c**2 - 142*c - 5. List the prime factors of g(-5).
5, 971
Let t be (-1)/1 + -2 - -45. Suppose 0 = -7*z + 10*z - t. Let c = 59 + z. List the prime factors of c.
73
List the prime factors of 14758 + (1 + -4 - (-888)/74).
14767
List the prime factors of (-390932)/(-51)*18/12.
2, 5749
What are the prime factors of (-11536)/6*22*(3 + (-120)/32)?
2, 7, 11, 103
Let l be 2/(-16)*2 + (-2)/(-8). Suppose 5 = i - 2*g, l = -5*g - 2 - 3. Suppose 0 = i*b - 7*b + 272. What are the prime factors of b?
2, 17
Let t = -38 - -61. Suppose -25*b = -t*b - 552. List the prime factors of b.
2, 3, 23
Suppose 2*y + 3*q = 2*q + 20, -3*y + 2*q + 16 = 0. Suppose -y*b + 3*b - 30 = 0. Let u(d) = -12*d + 21. What are the prime factors of u(b)?
3, 31
Let b(n) = 11*n**2 + 2*n + 1. Let p be b(-1). Let o be -2 + -2 + p + -2. Suppose -t - 3*t + 40 = 4*k, -o*k - t + 52 = 0. What are the prime factors of k?
2, 7
Suppose 24 = -3*z - 4*d + 8, 2*d + 8 = 0. Suppose -4*l + 6*l - 760 = z. List the prime factors of l.
2, 5, 19
Suppose -15033*o + 163506 = -15030*o. List the prime factors of o.
2, 7, 17, 229
Let r(h) = 2*h**2 + 11*h - 16. Let w be r(-7). Suppose 2*m - 546 - 1007 = w*x, -2*x = m - 772. List the prime factors of m.
2, 3, 43
Let c = 79 - 66. Suppose c*f = f - 2592. List the prime factors of (26/8)/((-18)/f).
3, 13
Let u(d) = -d**3 + 3*d**2 + 5*d - 5. Let c be u(2). Suppose c*v = 4985 + 2782. What are the prime factors of v?
863
List the prime factors of (4704144/1288)/((-4)/(-42)*3).
3, 4261
Suppose 4*g = n - 2592, -20*n + 5*g = -21*n + 2628. What are the prime factors of n?
2, 163
Let p(z) = 3*z + 43. Let j be p(-13). Suppose -d - j*d = -2980. List the prime factors of d.
2, 149
Suppose -5*l - 3*p + 30 = 0, -3*l + 0 = -5*p + 16. Suppose -o - 3*x + 161 = -6*x, 4*o = -l*x + 584. List the prime factors of o.
149
Let p = -1487 - -1536. Suppose 0 = 4*l - l - 81. Let a = p - l. What are the prime factors of a?
2, 11
Suppose 11*h - 96 = 80. Suppose 3*n - 10980 + 2487 = 0. Suppose -h*b + n = 479. List the prime factors of b.
3, 7
Let v be (-5)/(-1) - (-4 - -2). Let j = -567 - -569. Suppose v*o - j*o - 290 = 0. List the prime factors of o.
2, 29
Let i be 9/(-21) - (-31281)/(-21). What are the prime factors of (-8)/(-12) - i/6?
3, 83
Let s(v) = v**2 - 3*v - 6. Let i(l) = 3*l - 22. Let k be i(9). Let x be s(k). Suppose 142 = x*h - 198. List the prime factors of h.
5, 17
Suppose -2*d + 54542 = 5*r, 3*r - 136336